et h(b) = b**2 - 2*b - 6. Calculate h(-4).
18
Let k(u) = -3*u**2 + 8*u - 22. Determine k(4).
-38
Let x(d) = d**2 + 12*d - 16. Determine x(-14).
12
Let x(i) = i**3 - 9*i**2 - 2*i + 19. Give x(9).
1
Let l(h) = h**3 + 16*h**2 + 18*h + 19. Determine l(-15).
-26
Let f(i) = -2*i**2 + 6*i + 35. What is f(6)?
-1
Let f(g) = g + 3. What is f(-11)?
-8
Let t(l) = -2*l**3 + 12*l**2 + 4*l - 11. Calculate t(5).
59
Let p(u) = 5*u + 5. What is p(-5)?
-20
Let k(m) = -28*m + 289. Give k(10).
9
Let h(g) = -g**3 - 19*g**2 - 46*g + 23. Determine h(-16).
-9
Let o(h) = -h**3 - 11*h**2 + 6*h + 14. Determine o(-11).
-52
Let f(j) = 11*j + 46. Determine f(-3).
13
Let d(g) = -g**3 + 2*g**2 + 5*g + 2. What is d(-3)?
32
Let q(z) = 9*z - 8. What is q(-3)?
-35
Let f(m) = -m**2 - 13*m + 64. Calculate f(-17).
-4
Let l(i) = 2*i**2 - 13*i + 20. Give l(2).
2
Let w(p) = p**2 - 3*p + 3. Calculate w(-3).
21
Let v(w) = w**3 - 4*w**2 - 8*w + 24. What is v(2)?
0
Let n(v) = -7*v + 40. Calculate n(-12).
124
Let a(s) = s**3 + 33*s**2 + 184*s + 38. Give a(-26).
-14
Let h(r) = r**3 + r**2 - 17*r - 16. What is h(-4)?
4
Let r(d) = 2*d + 9. Calculate r(-7).
-5
Let h(x) = 14*x - 43. What is h(2)?
-15
Let c(l) = -l**2 + 10*l - 27. What is c(8)?
-11
Let w(p) = -p**3 + 4*p**2 - p + 2. What is w(4)?
-2
Let s(n) = n**3 - 4*n**2. What is s(2)?
-8
Let o(s) = -11*s - 4. Determine o(-3).
29
Let p(h) = 4*h - 51. Determine p(17).
17
Let o(x) = -x**3 + 6*x**2 + 12*x - 10. Determine o(8).
-42
Let l(b) = -23*b + 136. Give l(6).
-2
Let p(j) = 20*j**3 + 4*j**2 - 9*j - 13. Calculate p(-1).
-20
Let d(f) = -f**2 + 4*f - 9. Give d(-7).
-86
Let p(y) = -y**2 + 7*y - 10. Calculate p(5).
0
Let u(p) = 14*p**2 + p - 1. What is u(2)?
57
Let u(l) = -l**3 + 7*l**2 - 9*l + 19. Give u(4).
31
Let v(y) = 5*y + 1. Give v(1).
6
Let a(w) = -w**3 + 6*w**2 + 10*w - 5. Determine a(7).
16
Let r(q) = -2*q**3 + q**2 - 3*q + 6. What is r(2)?
-12
Let x(f) = 5*f**2 + f - 2. Calculate x(1).
4
Let h(v) = -2*v**2 + 7*v - 16. Determine h(6).
-46
Let u(n) = n**2 - 32*n + 111. Give u(27).
-24
Let c(r) = r**3 - 19*r**2 - 43*r - 2. What is c(21)?
-23
Let a(k) = 4*k + 13. What is a(-6)?
-11
Let o(y) = -y**2 - 18*y + 17. Calculate o(-18).
17
Let l(x) = x**3 + 20*x**2 - 5. Determine l(-20).
-5
Let w(z) = z - 17. What is w(12)?
-5
Let x(n) = 11*n - 18. Determine x(2).
4
Let r(w) = -26*w**2 + 2*w + 1. Give r(-1).
-27
Let g(k) = k**2 + 5*k + 3. Calculate g(-2).
-3
Let k(l) = -4*l**2 + 2*l. Determine k(-3).
-42
Let s(n) = n**3 - 4*n**2 - 11*n + 1. Calculate s(6).
7
Let c(h) = -2*h**3 + 8*h**2 - 4*h + 1. What is c(4)?
-15
Let s(m) = -2*m + 18. Calculate s(8).
2
Let n(o) = o + 28. Give n(-10).
18
Let a(k) = -k**2 + 36*k - 106. What is a(33)?
-7
Let u(x) = 16*x + 1. What is u(1)?
17
Let s(o) = 2*o**2 + 80*o - 204. Calculate s(-42).
-36
Let l(t) = -2*t + 2. Determine l(-4).
10
Let f(j) = -3*j**3 + 3*j**2 - 2. Give f(1).
-2
Let g(o) = -o**2 - 6*o - 14. What is g(-6)?
-14
Let j(b) = -b**3 - 3*b**2 + 12*b + 6. What is j(-5)?
-4
Let k(j) = -3*j - 111. What is k(-18)?
-57
Let f(p) = 4*p**2 + p - 1. What is f(-2)?
13
Let p(v) = 18*v + 3. Give p(1).
21
Let c(l) = 17*l**3 + 2*l + 2. What is c(-1)?
-17
Let n(q) = q**2 + 6*q - 7. Calculate n(-8).
9
Let z(t) = t**3 + 10*t**2 - 15*t + 5. What is z(-12)?
-103
Let l(r) = -r**2 - 7*r + 17. Calculate l(-13).
-61
Let g(x) = x**3 - 12*x**2 - 14*x + 18. Give g(13).
5
Let s(w) = -9*w - 37. Determine s(-4).
-1
Let m(y) = 2*y**2 + 19*y - 12. Determine m(-9).
-21
Let d(p) = -2*p**3 + 13*p**2 - 2*p - 19. Give d(6).
5
Let d(n) = -11*n - 34. What is d(-3)?
-1
Let d(y) = y**3 + 8*y**2 - 11*y - 2. Determine d(-9).
16
Let p(v) = -v**3 + 16*v**2 - 16*v - 1. Calculate p(15).
-16
Let s(j) = -44*j - 891. Give s(-20).
-11
Let h(d) = d**3 - 4*d**2 - d + 9. Determine h(3).
-3
Let b(i) = -i**2 - 51*i - 102. Determine b(-2).
-4
Let u(l) = l**3 - 4*l**2 + 4*l - 9. Give u(4).
7
Let t(w) = -w**2 - 5*w + 1. What is t(-4)?
5
Let a(b) = -2*b**2 + 10*b - 9. Calculate a(10).
-109
Let d(n) = 2*n**2 + 27*n + 50. Determine d(-11).
-5
Let a(c) = c**3 + 6*c**2 + 2*c - 7. Determine a(-7).
-70
Let t(d) = d**3 + 4*d**2 - d. Give t(-2).
10
Let z(k) = -35*k + 282. Determine z(8).
2
Let t(n) = -n**2 - 12*n - 17. Determine t(-11).
-6
Let o(p) = -2*p**2 - p - 33. Determine o(0).
-33
Let g(r) = -5*r + 5. Determine g(5).
-20
Let s(b) = -b + 22. Calculate s(16).
6
Let w(n) = -n**3 + 26*n**2 - 45*n - 29. Determine w(24).
43
Let k(b) = -b**2 - 13*b - 15. Give k(-8).
25
Let r(x) = -2*x**2 + 5*x + 11. Give r(7).
-52
Let b(n) = n**2 + 24*n - 43. What is b(-25)?
-18
Let k(q) = -q**3 + 7*q + 2. Calculate k(4).
-34
Let i(v) = 7*v + 66. Calculate i(-16).
-46
Let s(a) = 5*a + 13. Calculate s(-6).
-17
Let u(f) = -101*f + 513. Give u(5).
8
Let n(x) = -x**2 + 21*x - 54. Give n(10).
56
Let k(s) = 22*s - 47. What is k(6)?
85
Let b(q) = -q**3 + 4*q**2 + 7*q - 11. What is b(6)?
-41
Let r(j) = -j**2 - j + 56. What is r(7)?
0
Let j(b) = -b**3 + 6*b**2 + 5*b. What is j(7)?
-14
Let f(g) = -2*g**2 + 3*g + 12. Calculate f(4).
-8
Let h(u) = -u**3 + 8*u**2 - 6*u - 2. Calculate h(7).
5
Let w(v) = -v**3 - 6*v**2 + 9*v + 9. Calculate w(-7).
-5
Let o(b) = b**2 + b + 36. What is o(0)?
36
Let j(k) = k**3 + 4*k**2 + k + 4. Give j(-4).
0
Let r(d) = 17*d + 300. Give r(-17).
11
Let j(w) = 5*w**3 + w**2 + w - 1. Give j(1).
6
Let x(y) = y**2 + 27*y + 56. Calculate x(-25).
6
Let r(u) = -u**3 - 16*u**2 + 57*u - 4. What is r(-19)?
-4
Let q(k) = 2*k**2 - k + 2. Determine q(2).
8
Let t(n) = 26*n**2 - 1. Give t(1).
25
Let p(c) = -131*c - 5. Calculate p(0).
-5
Let m(c) = -c**3 + 12*c**2 + 32*c - 49. Calculate m(14).
7
Let o(u) = -5*u + 3. Determine o(1).
-2
Let j(h) = -h**2 + 3*h + 8. What is j(4)?
4
Let d(v) = -v**3 - 5*v**2 - 2. What is d(-6)?
34
Let f(n) = 2*n**2 + n - 10. Give f(-5).
35
Let q(p) = -5*p - 2. What is q(9)?
-47
Let c(f) = 12*f**2 + 3*f - 1. Determine c(1).
14
Let n(a) = a**3 - 14*a**2 + 15*a - 2. Determine n(13).
24
Let f(x) = -43*x + 172. Determine f(4).
0
Let y(r) = 4*r + 12. What is y(4)?
28
Let v(w) = 3*w + 43. Give v(-16).
-5
Let f(m) = -m**3 - 6*m**2 + m - 2. Calculate f(-4).
-38
Let m(j) = j**2 + 12*j - 26. Give m(-14).
2
Let u(z) = z + 20. Give u(-6).
14
Let s(y) = -y**3 - 6*y**2 + 1. Calculate s(-5).
-24
Let d(r) = -6*r - 14. Give d(-4).
10
Let n(z) = z**3 - 7*z**2 - 24*z + 36. What is n(9)?
-18
Let t(g) = -g**3 + 9*g**2 - 10*g + 19. Determine t(8).
3
Let a(f) = -f**3 + 5*f**2 - 17*f + 30. What is a(4)?
-22
Let h(n) = -n**3 - 3*n**2 + 3*n - 4. What is h(-3)?
-13
Let h(s) = -s**3 + 7*s**2 - 7*s + 6. Calculate h(4).
26
Let m(v) = -v**3 - 23*v**2 - 22*v - 6. Determine m(-22).
-6
Let o(w) = w**3 - 4*w**2 + 5*w - 16. What is o(3)?
-10
Let b(y) = -y**3 - 4*y**2 + 4*y + 1. Determine b(-4).
-15
Let m(v) = 3*v. Give m(-11).
-33
Let z(i) = i - 44. Give z(0).
-44
Let j(t) = -2*t + 4. What is j(3)?
-2
Let u(a) = a**3 + 19*a**2 + 71*a + 2. Determine u(-5).
-3
Let r(d) = 6*d - 1. Determine r(7).
41
Let w(i) = i**2 - 19*i + 31. Give w(18).
13
Let w(q) = -7*q + 38. Give w(4).
10
Let w(o) = -o**2 + 7*o - 4. Calculate w(7).
-4
Let p(i) = -3*i**2 - 12*i - 45. What is p(-3)?
-36
Let n(f) = f**3 + 17*f**2 + 18*f + 21. Calculate n(-16).
-11
Let o(w) = 19*w - 117. What is o(6)?
-3
Let u(i) = 2*i**2 + 4*i - 5. Determine u(-4).
11
Let f(j) = 9*j - 11. Calculate f(2).
7
Let d(o) = -27*o**2 + 1. What is d(1)?
-26
Let g(f) = 3*f - 13. Determine g(10).
17
Let b(g) = -g - 6. Calculate b(10).
-16
Let a(s) = -s**3 - 8*s**2 - 6*s - 4. Give a(-7).
-11
Let c(v) = -v**2 - 12*v - 7. Determine c(-11).
4
Let v(b) = 4*b - 82. Determine v(20).
-2
Let c(p) = -2*p**3 + 10*p**2 + 13*p - 11. Give c(6).
-5
Let h(f) = -f**3 + 5*f**2 + 25*f - 6. Give h(8).
2
Let x(d) = -d**3 + 22*d**2 + 47*d + 19. Give x(24).
-5
Let p(y) = -y**3 - 19*y**2 - y. Give p(-19).
19
Let x(l) = 10*l**2 + 1. Give x(-2).
41
Let u(d) = d**3 - 7*d**2 - 3*d - 7. Calculate u(6).
-61
Let s(q) = -2*q**3 + 4*q**2 + 3*q + 3. Give s(3).
-6
Let b(y) = -y**2 + 68*y - 535. Give b(9).
-4
Let t(x) = 3*x + 15. Calculate t(-11).
-18
Let f(q) = -q + 14. Determine f(-15).
29
Let n(k) = -k**3 + 7*k**2 - 5*k - 6. What is n(6)?
0
Let d(r) = r**3 + 8*r**2 + 3*r + 11. Calculate d(-8).
-13
Let u(j) = -j**2 - 7*j - 5. Determine u(-6).
1
Let p(r) = -r**3 - 7*r**2 - 12*r. Determin